 + 1379745. What is z(6)?
-9
Let g(r) = -r**2 + 288*r + 14611. Give g(332).
3
Let i(l) = -498*l + 688. Calculate i(0).
688
Let o(w) = 14*w**2 + 446*w - 2509. Give o(5).
71
Let x(g) = 84*g - 585. What is x(13)?
507
Let h(u) = 229*u + 28995. Determine h(-127).
-88
Let s(n) = -2774*n + 474390. Give s(171).
36
Let w(r) = -2*r**3 - 168*r**2 + 895*r + 85. Calculate w(5).
110
Let u(n) = n**3 + 35*n**2 + 188*n - 202. What is u(-27)?
554
Let u(t) = 34*t**2 + 6605*t - 39649. Calculate u(6).
1205
Let i(d) = d**3 + 16*d**2 - 514*d - 7519. What is i(-14)?
69
Let l(g) = -132*g**2 - 1704*g + 150. Give l(-13).
-6
Let n(g) = 25*g + 12897. Give n(-515).
22
Let n(k) = 2*k**3 + 6*k**2 - 115*k - 7. Determine n(6).
-49
Let j(c) = -7403*c + 37012. Determine j(5).
-3
Let d(f) = 5*f**3 + 12*f**2 - 78*f + 312. What is d(4)?
512
Let s(y) = -12965*y**2 - 51866*y - 39. Determine s(-4).
-15
Let k(g) = -2163*g + 895512. Give k(414).
30
Let r(m) = m**3 + 33*m**2 - 606*m - 4178. Calculate r(17).
-30
Let k(a) = -a**3 - 26*a**2 + 456*a - 52. Give k(12).
-52
Let o(c) = -9*c**2 - 131*c + 78. What is o(-11)?
430
Let n(o) = 3*o**2 + 236*o - 6289. Determine n(21).
-10
Let b(i) = i**3 + 8*i**2 - 208*i - 1419. What is b(14)?
-19
Let l(t) = 82*t - 10543. Determine l(128).
-47
Let q(b) = 585*b - 49988. What is q(91)?
3247
Let v(x) = 69*x + 8823. Give v(-125).
198
Let u(y) = -3*y**3 + 520*y**2 - 788*y + 106396. Give u(173).
1
Let r(j) = -5*j**3 - 1708*j**2 + 680*j - 1365. Calculate r(-342).
3
Let d(y) = -427*y - 119440. Determine d(-280).
120
Let q(d) = -12*d**3 - 28*d**2 + 8*d - 29. Determine q(-5).
731
Let n(z) = -17*z + 3753. Give n(239).
-310
Let v(o) = o**2 + 2513*o - 157692. Calculate v(62).
1958
Let n(h) = -40*h**2 - 117*h + 949. Give n(6).
-1193
Let o(x) = x**2 - 77*x - 2612. Calculate o(-33).
1018
Let l(j) = j**3 + 7*j**2 - 8988*j - 44990. Give l(-5).
0
Let y(p) = 12*p**2 + 4607*p + 127390. Determine y(-30).
-20
Let p(q) = -137*q**2 + 1198*q - 1663. Give p(7).
10
Let w(o) = 1178*o**2 - 647*o - 645. Calculate w(-1).
1180
Let s(j) = -718*j**2 + 2042*j + 330. Calculate s(3).
-6
Let a(i) = -4*i**2 - 13*i + 317. Give a(-23).
-1500
Let h(l) = 5*l**2 - 2413*l - 50267. Give h(-20).
-7
Let j(b) = -31299*b + 186365. Give j(6).
-1429
Let l(f) = -2*f**3 + 11*f**2 + 2774*f - 590. Calculate l(40).
-30
Let u(g) = 9*g**3 + 1559*g**2 + 349*g + 287. Give u(-173).
-232
Let f(c) = -c**3 - 216*c**2 - 4*c - 771. Calculate f(-216).
93
Let o(d) = -145*d**2 + 1006*d + 316. What is o(7)?
253
Let u(l) = -324*l + 6526. Give u(20).
46
Let z(m) = 600*m**2 - 3033*m. Determine z(5).
-165
Let a(p) = 4*p**3 + 3*p**2 + 148*p + 287. Give a(-2).
-29
Let i(t) = 756*t - 70338. What is i(93)?
-30
Let f(c) = -3*c**2 - 96*c + 1503. Determine f(-45).
-252
Let u(t) = -t**3 + 74*t**2 - 747*t - 76. Give u(62).
-262
Let t(i) = 1707*i + 1811122. Calculate t(-1061).
-5
Let n(d) = 2*d**3 + 512*d**2 + 30015*d - 2471. Calculate n(-165).
4
Let f(j) = -j**2 + 6867*j - 408423. Determine f(60).
-3
Let i(w) = 3*w**3 - 260*w**2 - 8462*w - 5582. Determine i(112).
18
Let d(u) = 1023*u - 2741. Determine d(3).
328
Let q(z) = -10263*z - 61562. Calculate q(-6).
16
Let x(b) = -b**3 - b**2 + 1365*b + 10664. Calculate x(-8).
192
Let f(c) = -c**2 + 2401*c - 11993. Determine f(5).
-13
Let s(i) = i**3 + 382*i**2 + 212*i - 64401. Calculate s(-381).
-12
Let q(v) = -774*v + 57266. What is q(74)?
-10
Let k(g) = -2*g**2 - 223199*g + 2008957. Determine k(9).
4
Let d(i) = -115*i**2 + 8511*i - 116. Calculate d(74).
-42
Let b(x) = 428*x - 42365. Calculate b(99).
7
Let r(z) = -17954*z - 861779. Determine r(-48).
13
Let h(j) = 29086*j - 232671. Give h(8).
17
Let s(j) = -j**2 + 35*j + 259. Calculate s(-9).
-137
Let n(o) = -2654*o + 36770. What is n(14)?
-386
Let r(t) = 162980*t + 1629796. Give r(-10).
-4
Let v(m) = 2*m**3 - 440*m**2 - 2686*m - 111662. Give v(227).
22
Let g(p) = -183264*p + 366560. What is g(2)?
32
Let k(s) = s**3 + 108*s**2 - 251*s - 3404. Determine k(-110).
6
Let z(b) = 12*b**2 - 20599*b - 41240. Give z(-2).
6
Let n(j) = 545049*j + 3270351. Calculate n(-6).
57
Let d(a) = 20*a**2 - 686*a - 15. Give d(32).
-1487
Let c(m) = m**3 - 91*m**2 + 97*m - 954. Calculate c(90).
-324
Let r(s) = 24*s**2 - 10584*s + 31516. Determine r(3).
-20
Let f(j) = j**3 + j**2 - 1894*j - 104. Give f(-44).
-16
Let v(y) = -2676*y - 15625. Calculate v(-6).
431
Let j(f) = -2*f**3 + 45*f**2 - 87*f - 30. What is j(8)?
1130
Let x(q) = 113643*q + 1022842. Determine x(-9).
55
Let a(n) = 68*n**2 + 369*n + 88. What is a(-11)?
4257
Let g(k) = -41644*k + 249766. Determine g(6).
-98
Let c(u) = -444*u + 3632. What is c(9)?
-364
Let p(l) = l**3 + 511*l**2 - 4679*l - 937. Calculate p(-520).
-1457
Let s(v) = 328775*v + 12164681. Calculate s(-37).
6
Let l(t) = 4*t**2 - 1107*t + 830. What is l(276)?
2
Let l(x) = 1466*x**2 + 11319*x - 17. What is l(-7)?
-7416
Let g(w) = -45376*w + 998257. Calculate g(22).
-15
Let w(c) = c**3 - 1985*c**2 + 888641*c + 6542. Give w(1303).
27
Let t(s) = 5998*s - 72741. Calculate t(12).
-765
Let u(r) = 7089*r - 148196. Calculate u(21).
673
Let q(h) = -2*h - 1576. Determine q(68).
-1712
Let t(q) = 38*q**2 - 590*q - 137. Calculate t(15).
-437
Let x(r) = -r**3 - 262*r**2 + 3647*r + 98364. What is x(-274)?
-2
Let i(u) = -u**3 + 50*u**2 - 306*u + 71. Give i(43).
-144
Let d(x) = -3*x**3 - 47*x**2 - 228*x - 92. What is d(-8)?
260
Let s(l) = 18*l + 1190. Calculate s(-79).
-232
Let t(p) = -3*p**3 + 71*p**2 + 431*p - 1873. What is t(28)?
3
Let n(w) = 52755*w - 1266114. Give n(24).
6
Let f(j) = -j**2 + 9*j + 106. Give f(-8).
-30
Let n(r) = r**2 + 61*r + 63. Calculate n(-13).
-561
Let t(x) = -240*x - 16696. Determine t(-66).
-856
Let n(s) = 87*s + 11463. What is n(-131)?
66
Let b(p) = p**3 - 865*p**2 + 166749*p + 375. Determine b(290).
85
Let h(j) = -j**3 + 13*j**2 + 55*j - 518. Give h(15).
-143
Let j(x) = 3*x**3 + 102*x**2 + 342*x - 521. Calculate j(-30).
19
Let t(r) = 3837*r - 299288. Determine t(78).
-2
Let b(r) = 400*r - 70690. Give b(177).
110
Let d(v) = 54*v**2 - 15*v - 40. Calculate d(1).
-1
Let a(v) = 1387*v + 4830. Determine a(-3).
669
Let v(t) = 44*t**2 + 8890*t + 380. What is v(-202)?
-24
Let v(c) = -84613*c - 1099968. Calculate v(-13).
1
Let o(d) = -3*d**2 - 2777*d + 30658. Give o(11).
-252
Let b(u) = -u**3 - 3*u**2 + 2*u + 3. Determine b(-7).
185
Let z(a) = 10501*a - 345946. Give z(33).
587
Let d(n) = 4*n**3 + n**2 + 180*n - 1113. Calculate d(6).
867
Let z(q) = q**3 + 93*q**2 - 1240*q - 111. Calculate z(12).
129
Let q(s) = -31819*s + 827283. Give q(26).
-11
Let n(v) = 15*v**2 - 12431*v + 143793. Calculate n(817).
1
Let x(i) = 25*i**3 + 19*i**2 + 11*i - 4. Give x(0).
-4
Let s(n) = 1697*n + 828074. Calculate s(-488).
-62
Let r(n) = -36*n - 791. Calculate r(-10).
-431
Let g(n) = -121070*n + 6416704. Determine g(53).
-6
Let k(i) = 451*i + 14940. What is k(-33)?
57
Let s(b) = 67*b**2 + 624*b + 5491. Calculate s(-9).
5302
Let y(r) = -3*r**2 + 83*r + 3912. Calculate y(-29).
-1018
Let q(o) = -346*o**2 - 12445*o - 161. Determine q(-36).
-557
Let r(l) = -7596*l - 75901. Determine r(-10).
59
Let r(j) = -j**3 - 46*j**2 - 337*j - 3891. Calculate r(-40).
-11
Let j(d) = d**3 - 402*d**2 + 4*d - 2037. Determine j(402).
-429
Let h(y) = -1161*y + 65717. Give h(57).
-460
Let t(k) = 9682*k - 329364. Determine t(34).
-176
Let y(c) = 4*c**3 - 263*c**2 - 44*c - 1504. What is y(66)?
-52
Let r(q) = 497*q - 44905. Calculate r(89).
-672
Let o(q) = -98*q**2 + 79587*q - 167668. What is o(810)?
2
Let d(p) = 23303*p - 186416. What is d(8)?
8
Let s(j) = -j**3 + 202*j**2 + 2353*j - 3557. Give s(213).
-1427
Let n(s) = -29781*s - 59558. Calculate n(-2).
4
Let i(k) = 563*k + 130090. Calculate i(-231).
37
Let x(l) = -287*l**3 - 19*l + 20. Calculate x(1).
-286
Let a(v) = -778964*v + 10126532. Give a(13).
0
Let i(n) = n**3 - 42*n**2 - 288*n - 57. Give i(48).
-57
Let x(o) = -o**3 + 9*o**2 - 597*o + 6038. Determine x(10).
-32
Let r(t) = 250140*t - 2251194. Determine r(9).
66
Let n(i) = 3*i**2 + 17763*i - 53302. Determine n(3).
14
Let p(u) = 343*u**3 - 13365*u**2 - 480*u + 466. Determine p(39).
-2
Let f(b) = 8*b**3 + 7*b**2 - 343*b + 1338. What is f(4)?
590
Let y(f) = f**3 + 33*f**2 + 73*f - 1229. What is y(-29)?
18
Let m(q) = 92*q + 4442. Calculate m(-69).
-1906
Let s(h) = -34632*h - 658006. Wha